{"id":128,"date":"2017-06-02T18:19:06","date_gmt":"2017-06-02T16:19:06","guid":{"rendered":"http:\/\/10.0.1.130\/freiwillige-feuerwehr-delingsdorf\/?page_id=128"},"modified":"2018-03-28T18:50:17","modified_gmt":"2018-03-28T16:50:17","slug":"lf-8","status":"publish","type":"page","link":"https:\/\/www.feuerwehrdelingsdorf.de\/?page_id=128","title":{"rendered":"LF 8"},"content":{"rendered":"<hr>\n<p><strong>Funkrufname:<\/strong> Florian Stormarn 64\/42\/1<br \/>\n<strong>Fahrzeughersteller<\/strong>: Mercedes &#8211; Benz<br \/>\n<strong>Modell:<\/strong> L 608 D<br \/>\n<strong>Aufbauhersteller:<\/strong> Bachert<br \/>\n<strong>Indienststellung:<\/strong> 1986 <\/p>\n<p>Dieses Fahrzeug ist f\u00fcr die erweiterte Brandbek\u00e4mpfung und L\u00f6schwasserversorgung \u00fcber lange Strecken sowie f\u00fcr kleine technische Hilfeleistungen ausgestattet. Au\u00dferdem ist es in dem 2. Zug der 2. Brandschutzbereitschaft S\u00fcd des Kreises Stormarn eingebunden. Neben der Normbeladung hat es noch umfangreiche weitere Ausstattung.\n<\/p>\n<p>\nAusstattung:<\/p>\n<ul>\n<li>Pressluftatmer 4 St.<\/li>\n<li>Tragkraftspritze TS 8\/8 (800 l\/min bei 8 bar)<\/li>\n<li>Motorkettens\u00e4ge<\/li>\n<li>Stromerzeuger<\/li>\n<li>Tauchpumpe<\/li>\n<li>Beleuchtungssatz<\/li>\n<li>Hitzeschutzkleidung<\/li>\n<li>Gaswarnger\u00e4t <\/li>\n<li>Tragetuch <\/li>\n<\/ul>\n\r\n\t<div class=\"slideshow_container slideshow_container_style-light\" style=\"height: 300px; \" data-slideshow-id=\"261\" data-style-name=\"style-light\" data-style-version=\"2.3.1\" >\r\n\r\n\t\t\t\t\t<div class=\"slideshow_loading_icon\"><\/div>\r\n\t\t\r\n\t\t<div class=\"slideshow_content\" style=\"display: none;\">\r\n\r\n\t\t\t<div class=\"slideshow_view\">\r\n\t\t\t\t<div class=\"slideshow_slide slideshow_slide_image\">\r\n\t\t\t\t\t\t\t\t\t\t\t<img src=\"https:\/\/www.feuerwehrdelingsdorf.de\/wp-content\/uploads\/2017\/06\/LF-8-e1497017421745.jpg\" alt=\"LF 8\" width=\"850\" height=\"567\" \/>\r\n\t\t\t\t\t\t\t\t\t\t<div class=\"slideshow_description_box slideshow_transparent\">\r\n\t\t\t\t\t\t<div class=\"slideshow_title\">LF 8<\/div>\t\t\t\t\t\t\t\t\t\t\t<\/div>\r\n\t\t\t\t<\/div>\r\n\r\n\t\t\t\t\t\t<div style=\"clear: both;\"><\/div><\/div>\r\n\t\t<\/div>\r\n\r\n\t\t<div class=\"slideshow_controlPanel slideshow_transparent\" style=\"display: none;\"><ul><li class=\"slideshow_togglePlay\" data-play-text=\"Abspielen\" data-pause-text=\"Pause\"><\/li><\/ul><\/div>\r\n\r\n\t\t<div class=\"slideshow_button slideshow_previous slideshow_transparent\" role=\"button\" data-previous-text=\"Zur\u00fcck\" style=\"display: none;\"><\/div>\r\n\t\t<div class=\"slideshow_button slideshow_next slideshow_transparent\" role=\"button\" data-next-text=\"N\u00e4chstes\" style=\"display: none;\"><\/div>\r\n\r\n\t\t<div class=\"slideshow_pagination\" style=\"display: none;\" data-go-to-text=\"Gehe zum Bild\"><div class=\"slideshow_pagination_center\"><\/div><\/div>\r\n\r\n\t\t<!-- WordPress Slideshow Version 2.3.1 -->\r\n\r\n\t\t\t<\/div>\r\n\r\n\n","protected":false},"excerpt":{"rendered":"<p>Funkrufname: Florian Stormarn 64\/42\/1 Fahrzeughersteller: Mercedes &#8211; Benz Modell: L 608 D Aufbauhersteller: Bachert Indienststellung: 1986 Dieses Fahrzeug ist f\u00fcr die erweiterte Brandbek\u00e4mpfung und L\u00f6schwasserversorgung \u00fcber lange Strecken sowie f\u00fcr kleine technische Hilfeleistungen ausgestattet. Au\u00dferdem ist es in dem 2. Zug der 2. Brandschutzbereitschaft S\u00fcd des Kreises Stormarn eingebunden. Neben der Normbeladung hat es noch &hellip; <a href=\"https:\/\/www.feuerwehrdelingsdorf.de\/?page_id=128\" class=\"more-link\"><span class=\"screen-reader-text\">LF 8<\/span> weiterlesen <span class=\"meta-nav\">&rarr;<\/span><\/a><\/p>\n","protected":false},"author":1,"featured_media":234,"parent":100,"menu_order":3,"comment_status":"closed","ping_status":"closed","template":"","meta":{"footnotes":""},"class_list":["post-128","page","type-page","status-publish","has-post-thumbnail","hentry"],"jetpack_sharing_enabled":true,"_links":{"self":[{"href":"https:\/\/www.feuerwehrdelingsdorf.de\/index.php?rest_route=\/wp\/v2\/pages\/128","targetHints":{"allow":["GET"]}}],"collection":[{"href":"https:\/\/www.feuerwehrdelingsdorf.de\/index.php?rest_route=\/wp\/v2\/pages"}],"about":[{"href":"https:\/\/www.feuerwehrdelingsdorf.de\/index.php?rest_route=\/wp\/v2\/types\/page"}],"author":[{"embeddable":true,"href":"https:\/\/www.feuerwehrdelingsdorf.de\/index.php?rest_route=\/wp\/v2\/users\/1"}],"replies":[{"embeddable":true,"href":"https:\/\/www.feuerwehrdelingsdorf.de\/index.php?rest_route=%2Fwp%2Fv2%2Fcomments&post=128"}],"version-history":[{"count":13,"href":"https:\/\/www.feuerwehrdelingsdorf.de\/index.php?rest_route=\/wp\/v2\/pages\/128\/revisions"}],"predecessor-version":[{"id":783,"href":"https:\/\/www.feuerwehrdelingsdorf.de\/index.php?rest_route=\/wp\/v2\/pages\/128\/revisions\/783"}],"up":[{"embeddable":true,"href":"https:\/\/www.feuerwehrdelingsdorf.de\/index.php?rest_route=\/wp\/v2\/pages\/100"}],"wp:featuredmedia":[{"embeddable":true,"href":"https:\/\/www.feuerwehrdelingsdorf.de\/index.php?rest_route=\/wp\/v2\/media\/234"}],"wp:attachment":[{"href":"https:\/\/www.feuerwehrdelingsdorf.de\/index.php?rest_route=%2Fwp%2Fv2%2Fmedia&parent=128"}],"curies":[{"name":"wp","href":"https:\/\/api.w.org\/{rel}","templated":true}]}}