{"id":92,"date":"2017-04-28T18:59:09","date_gmt":"2017-04-28T16:59:09","guid":{"rendered":"http:\/\/10.0.1.130\/freiwillige-feuerwehr-delingsdorf\/?page_id=92"},"modified":"2025-10-24T19:33:08","modified_gmt":"2025-10-24T17:33:08","slug":"haftung","status":"publish","type":"page","link":"https:\/\/www.feuerwehrdelingsdorf.de\/?page_id=92","title":{"rendered":"Impressum \/ Kontakt"},"content":{"rendered":"<hr \/>\n<p>Freiwillige Feuerwehr Delingsdorf<br \/>\nThorsten Patschkowski<br \/>\nTimmerhorner Str. 2<br \/>\n22941 Delingsdorf<br \/>\nwehrfuehrung@feuerwehrdelingsdorf.de<\/p>\n<hr \/>\n<p><strong><br \/>\nHaftung f\u00fcr externe Links:<\/strong><\/p>\n<p>Diese Website enth\u00e4lt Links zu externen Webseiten, auf deren Inhalte kein Einfluss genommen werden kann. Deshalb kann f\u00fcr diese fremden Inhalte auch keine Gew\u00e4hr \u00fcbernommen werden. F\u00fcr die Inhalte der verlinkten Seiten ist stets der jeweilige Anbieter oder Betreiber der Seiten verantwortlich. Die verlinkten Seiten wurden zum Zeitpunkt der Verlinkung auf m\u00f6gliche Rechtsverst\u00f6\u00dfe \u00fcberpr\u00fcft. Rechtswidrige Inhalte waren zum Zeitpunkt der Verlinkung nicht erkennbar. Eine permanente inhaltliche Kontrolle der verlinkten Seiten erfolgt nicht. Datenschutz Die Nutzung dieser Webseite ist in der Regel ohne Angabe personenbezogener Daten m\u00f6glich. Soweit auf diesen Seiten personenbezogene Daten (beispielsweise Name, Anschrift oder E-Mail-Adressen) erhoben werden, erfolgt dies, soweit m\u00f6glich, stets auf freiwilliger Basis. Diese Daten werden ohne Ihre ausdr\u00fcckliche Zustimmung nicht an Dritte weitergegeben. Der Nutzung von im Rahmen der Impressumspflicht ver\u00f6ffentlichten Kontaktdaten durch Dritte zur \u00dcbersendung von nicht ausdr\u00fccklich angeforderter Werbung und Informationsmaterialien wird hiermit ausdr\u00fccklich widersprochen. Die Betreiber der Seiten behalten sich ausdr\u00fccklich rechtliche Schritte im Falle der unverlangten Zusendung von Informationen vor. Nutzungshinweis Alle Rechte vorbehalten. Die Reproduktion oder Modifikation von Fotografien von dieser Seite, ganz oder teilweise, ist ohne schriftliche Genehmigung vom Gemeindewehrf\u00fchrer der Freiwilligen Feuerwehr Delingsdorf untersagt! Die Eigent\u00fcmer dieser Seiten hat \u00fcber ihre eigenen Fotografien das Urheber- und Lizenzrecht.<\/p>\n","protected":false},"excerpt":{"rendered":"<p>Freiwillige Feuerwehr Delingsdorf Thorsten Patschkowski Timmerhorner Str. 2 22941 Delingsdorf wehrfuehrung@feuerwehrdelingsdorf.de Haftung f\u00fcr externe Links: Diese Website enth\u00e4lt Links zu externen Webseiten, auf deren Inhalte kein Einfluss genommen werden kann. Deshalb kann f\u00fcr diese fremden Inhalte auch keine Gew\u00e4hr \u00fcbernommen werden. F\u00fcr die Inhalte der verlinkten Seiten ist stets der jeweilige Anbieter oder Betreiber der &hellip; <a href=\"https:\/\/www.feuerwehrdelingsdorf.de\/?page_id=92\" class=\"more-link\"><span class=\"screen-reader-text\">Impressum \/ Kontakt<\/span> weiterlesen <span class=\"meta-nav\">&rarr;<\/span><\/a><\/p>\n","protected":false},"author":1,"featured_media":194,"parent":0,"menu_order":6,"comment_status":"closed","ping_status":"closed","template":"","meta":{"footnotes":""},"class_list":["post-92","page","type-page","status-publish","has-post-thumbnail","hentry"],"jetpack_sharing_enabled":true,"_links":{"self":[{"href":"https:\/\/www.feuerwehrdelingsdorf.de\/index.php?rest_route=\/wp\/v2\/pages\/92","targetHints":{"allow":["GET"]}}],"collection":[{"href":"https:\/\/www.feuerwehrdelingsdorf.de\/index.php?rest_route=\/wp\/v2\/pages"}],"about":[{"href":"https:\/\/www.feuerwehrdelingsdorf.de\/index.php?rest_route=\/wp\/v2\/types\/page"}],"author":[{"embeddable":true,"href":"https:\/\/www.feuerwehrdelingsdorf.de\/index.php?rest_route=\/wp\/v2\/users\/1"}],"replies":[{"embeddable":true,"href":"https:\/\/www.feuerwehrdelingsdorf.de\/index.php?rest_route=%2Fwp%2Fv2%2Fcomments&post=92"}],"version-history":[{"count":7,"href":"https:\/\/www.feuerwehrdelingsdorf.de\/index.php?rest_route=\/wp\/v2\/pages\/92\/revisions"}],"predecessor-version":[{"id":1042,"href":"https:\/\/www.feuerwehrdelingsdorf.de\/index.php?rest_route=\/wp\/v2\/pages\/92\/revisions\/1042"}],"wp:featuredmedia":[{"embeddable":true,"href":"https:\/\/www.feuerwehrdelingsdorf.de\/index.php?rest_route=\/wp\/v2\/media\/194"}],"wp:attachment":[{"href":"https:\/\/www.feuerwehrdelingsdorf.de\/index.php?rest_route=%2Fwp%2Fv2%2Fmedia&parent=92"}],"curies":[{"name":"wp","href":"https:\/\/api.w.org\/{rel}","templated":true}]}}